{"id":34,"date":"2025-11-17T22:42:17","date_gmt":"2025-11-17T22:42:17","guid":{"rendered":"https:\/\/www.sfdp.fr\/?page_id=34"},"modified":"2025-11-17T22:42:17","modified_gmt":"2025-11-17T22:42:17","slug":"bienvenue","status":"publish","type":"page","link":"https:\/\/www.sfdp.fr\/","title":{"rendered":"Bienvenue"},"content":{"rendered":"\n<p>Chers confr\u00e8res,<\/p>\n\n\n\n<p>Bienvenue sur le site Internet de la SFDP,<\/p>\n\n\n\n<p>Notre volont\u00e9 d\u2019\u00eatre encore plus proches de vos aspirations, nous a conduit \u00e0 mettre en place ce site qui contribuera, nous l\u2019esp\u00e9rons, aux \u00e9changes d\u2019informations, entre nos membres Docteurs en pharmacie et les Universit\u00e9s avec lesquelles nous tissons des liens de progr\u00e8s et de d\u00e9veloppement.<\/p>\n\n\n\n<p>Notre soci\u00e9t\u00e9 s\u2019engage \u00e0 poursuivre sa d\u00e9marche volontaire de communication et de partenariat avec les autres entit\u00e9s du domaine pharmaceutique.<\/p>\n\n\n\n<p>Plus que centenaire, elle souhaite avec dynamisme continuer \u00e0 s\u2019engager aupr\u00e8s des docteurs en pharmacie de tous types d\u2019exercice, au service de la Sant\u00e9 et de notre profession.<\/p>\n\n\n\n<p>Vous trouverez sur ce site, nos diverses activit\u00e9s<\/p>\n\n\n\n<p>Confraternellement,<\/p>\n\n\n\n<p>Dr Nicole MOUTIN<br>Pr\u00e9sident de la SFDP<\/p>\n","protected":false},"excerpt":{"rendered":"<p>Chers confr\u00e8res, Bienvenue sur le site Internet de la SFDP, Notre volont\u00e9 d\u2019\u00eatre encore plus proches de vos aspirations, nous a conduit \u00e0 mettre en place ce site qui contribuera, nous l\u2019esp\u00e9rons, aux \u00e9changes d\u2019informations, entre nos membres Docteurs en pharmacie et les Universit\u00e9s avec lesquelles nous tissons des liens de progr\u00e8s et de d\u00e9veloppement. [&hellip;]<\/p>\n","protected":false},"author":1,"featured_media":0,"parent":0,"menu_order":0,"comment_status":"closed","ping_status":"closed","template":"","meta":{"footnotes":""},"class_list":["post-34","page","type-page","status-publish","hentry"],"_links":{"self":[{"href":"https:\/\/www.sfdp.fr\/index.php\/wp-json\/wp\/v2\/pages\/34","targetHints":{"allow":["GET"]}}],"collection":[{"href":"https:\/\/www.sfdp.fr\/index.php\/wp-json\/wp\/v2\/pages"}],"about":[{"href":"https:\/\/www.sfdp.fr\/index.php\/wp-json\/wp\/v2\/types\/page"}],"author":[{"embeddable":true,"href":"https:\/\/www.sfdp.fr\/index.php\/wp-json\/wp\/v2\/users\/1"}],"replies":[{"embeddable":true,"href":"https:\/\/www.sfdp.fr\/index.php\/wp-json\/wp\/v2\/comments?post=34"}],"version-history":[{"count":1,"href":"https:\/\/www.sfdp.fr\/index.php\/wp-json\/wp\/v2\/pages\/34\/revisions"}],"predecessor-version":[{"id":35,"href":"https:\/\/www.sfdp.fr\/index.php\/wp-json\/wp\/v2\/pages\/34\/revisions\/35"}],"wp:attachment":[{"href":"https:\/\/www.sfdp.fr\/index.php\/wp-json\/wp\/v2\/media?parent=34"}],"curies":[{"name":"wp","href":"https:\/\/api.w.org\/{rel}","templated":true}]}}