{"id":24,"date":"2025-11-17T22:20:05","date_gmt":"2025-11-17T22:20:05","guid":{"rendered":"https:\/\/www.sfdp.fr\/?page_id=24"},"modified":"2025-11-17T22:20:05","modified_gmt":"2025-11-17T22:20:05","slug":"publications-de-la-sfdp","status":"publish","type":"page","link":"https:\/\/www.sfdp.fr\/index.php\/publications-de-la-sfdp\/","title":{"rendered":"Publications de la SFDP"},"content":{"rendered":"\n<p><em>La lettre de la SFDP \/ La revue de la Soci\u00e9t\u00e9 International des Docteurs en Pharmacie d&rsquo;expression fran\u00e7aise<\/em><\/p>\n\n\n\n<p>Ces publications constituaient le lien entre tous les membres de la SFDP.<\/p>\n\n\n\n<p>Ces publications concr\u00e9tisaient l&rsquo;engagement de la SFDP synth\u00e9tis\u00e9 par sa devise : Sciences et Culture.<\/p>\n\n\n\n<p>A travers les articles regroup\u00e9s dans la Revue, les auteurs proposaient des axes de r\u00e9flexion tant sur la pratique pr\u00e9sente et future de la profession, mais aussi sur la science.<\/p>\n\n\n\n<p>Elles retra\u00e7aient les conf\u00e9rences et journ\u00e9es organis\u00e9es par la SFDP ; donnaient les informations importantes quant aux diff\u00e9rentes activit\u00e9s que la SFDP proposait \u00e0 ces adh\u00e9rents.<\/p>\n","protected":false},"excerpt":{"rendered":"<p>La lettre de la SFDP \/ La revue de la Soci\u00e9t\u00e9 International des Docteurs en Pharmacie d&rsquo;expression fran\u00e7aise Ces publications constituaient le lien entre tous les membres de la SFDP. Ces publications concr\u00e9tisaient l&rsquo;engagement de la SFDP synth\u00e9tis\u00e9 par sa devise : Sciences et Culture. A travers les articles regroup\u00e9s dans la Revue, les auteurs [&hellip;]<\/p>\n","protected":false},"author":1,"featured_media":0,"parent":0,"menu_order":0,"comment_status":"closed","ping_status":"closed","template":"","meta":{"footnotes":""},"class_list":["post-24","page","type-page","status-publish","hentry"],"_links":{"self":[{"href":"https:\/\/www.sfdp.fr\/index.php\/wp-json\/wp\/v2\/pages\/24","targetHints":{"allow":["GET"]}}],"collection":[{"href":"https:\/\/www.sfdp.fr\/index.php\/wp-json\/wp\/v2\/pages"}],"about":[{"href":"https:\/\/www.sfdp.fr\/index.php\/wp-json\/wp\/v2\/types\/page"}],"author":[{"embeddable":true,"href":"https:\/\/www.sfdp.fr\/index.php\/wp-json\/wp\/v2\/users\/1"}],"replies":[{"embeddable":true,"href":"https:\/\/www.sfdp.fr\/index.php\/wp-json\/wp\/v2\/comments?post=24"}],"version-history":[{"count":1,"href":"https:\/\/www.sfdp.fr\/index.php\/wp-json\/wp\/v2\/pages\/24\/revisions"}],"predecessor-version":[{"id":25,"href":"https:\/\/www.sfdp.fr\/index.php\/wp-json\/wp\/v2\/pages\/24\/revisions\/25"}],"wp:attachment":[{"href":"https:\/\/www.sfdp.fr\/index.php\/wp-json\/wp\/v2\/media?parent=24"}],"curies":[{"name":"wp","href":"https:\/\/api.w.org\/{rel}","templated":true}]}}